{"id":2286,"date":"2017-02-23T23:03:47","date_gmt":"2017-02-23T23:03:47","guid":{"rendered":"https:\/\/jacglobal.co.kr\/?page_id=2286"},"modified":"2025-10-14T16:00:26","modified_gmt":"2025-10-14T16:00:26","slug":"home-6","status":"publish","type":"page","link":"https:\/\/jacglobal.co.kr\/?page_id=2286","title":{"rendered":"Corporate"},"content":{"rendered":"<p>[vc_row full_width=&#8221;stretch_row&#8221; css=&#8221;.vc_custom_1759378697916{background-color: #000000 !important;}&#8221;][vc_column css=&#8221;.vc_custom_1728952607472{margin-top: 0px !important;margin-bottom: 0px !important;padding-top: 0px !important;padding-bottom: 0px !important;}&#8221;][vc_empty_space height=&#8221;50&#8243;][vc_custom_heading text=&#8221;Beyond transactions, we deliver trust.&#8221; font_container=&#8221;tag:h2|text_align:center|color:%23ffffff&#8221; google_fonts=&#8221;font_family:Trykker%3Aregular|font_style:400%20regular%3A400%3Anormal&#8221;][vc_empty_space height=&#8221;50&#8243;][\/vc_column][\/vc_row][vc_row full_width=&#8221;stretch_row&#8221; parallax=&#8221;content-moving-fade&#8221; parallax_image=&#8221;1324&#8243; css=&#8221;.vc_custom_1759449220088{padding-top: 150px !important;padding-bottom: 150px !important;}&#8221; nt_agricom_parallax_overlay=&#8221;rgba(74,139,113,0.5)&#8221; el_id=&#8221;services&#8221; overlaybg=&#8221;rgba(255,255,255,0.97)&#8221; overlaywidth=&#8221;100%&#8221; overlayheight=&#8221;100%&#8221; overlaytop=&#8221;0&#8243; overlayleft=&#8221;0&#8243; nt_agricom_vc_row_992_responsive=&#8221;.vc_custom_1759449220090{padding-top: 80px !important;padding-bottom: 80px !important;}&#8221; nt_agricom_vc_row_768_responsive=&#8221;.vc_custom_1759449220091{padding-top: 80px !important;padding-bottom: 80px !important;}&#8221; nt_agricom_vc_row_480_responsive=&#8221;.vc_custom_1759449220091{padding-top: 60px !important;padding-bottom: 60px !important;}&#8221;][vc_column css=&#8221;.vc_custom_1489856342866{margin-top: 0px !important;margin-bottom: 0px !important;padding-top: 0px !important;padding-bottom: 0px !important;}&#8221;][vc_custom_heading text=&#8221;About Us&#8221; font_container=&#8221;tag:h2|text_align:left|color:%23474747&#8243; use_theme_fonts=&#8221;yes&#8221;][vc_custom_heading text=&#8221;JAC Global Co., Ltd. is a South Korea\u2013based company specializing in the wholesale trading of physical gold bullion. Established in January 2021, we are committed to providing secure, transparent, and compliant access to the global precious metals market.<\/p>\n<p>Our core business focuses on the procurement and distribution of LBMA-accredited refined gold, serving institutional buyers and corporate clients across Asia and internationally. Our strength lies in trusted sourcing, efficient logistics, and transparent trading of investment-grade bullion.<\/p>\n<p>At JAC Global, we operate with the highest standards of integrity, professionalism, and regulatory compliance partnering exclusively with reputable LBMA-accredited refineries, precious metals traders\/dealers, and logistics providers, guaranteeing the authenticity, quality, and responsible origin of all our bullion products.&#8221; font_container=&#8221;tag:div|font_size:18|text_align:left|color:%23474747&#8243; use_theme_fonts=&#8221;yes&#8221;][vc_empty_space height=&#8221;20&#8243;][vc_row_inner equal_height=&#8221;yes&#8221;][vc_column_inner width=&#8221;1\/2&#8243;][vc_empty_space height=&#8221;10px&#8221;][vc_custom_heading text=&#8221;We Aim&#8221; font_container=&#8221;tag:h2|text_align:left|color:%23474747&#8243; use_theme_fonts=&#8221;yes&#8221;][vc_empty_space height=&#8221;10px&#8221;][vc_custom_heading text=&#8221;\u25ba To become the most trusted and forward-thinking precious metals partner in the global market.&#8221; font_container=&#8221;tag:p|font_size:18|text_align:left|color:%23474747&#8243; use_theme_fonts=&#8221;yes&#8221;][vc_custom_heading text=&#8221;\u25ba To ensure secure, compliant, and transparent trading of gold and other precious metals across international borders.&#8221; font_container=&#8221;tag:p|font_size:18|text_align:left|color:%23474747&#8243; use_theme_fonts=&#8221;yes&#8221;][vc_custom_heading text=&#8221;\u25ba To continuously invest in technology, sustainability, and ethical sourcing practices.&#8221; font_container=&#8221;tag:p|font_size:18|text_align:left|color:%23474747&#8243; use_theme_fonts=&#8221;yes&#8221;][vc_custom_heading text=&#8221;\u25ba To deliver excellence across all service lines \u2014 from trading to delivery, from consulting to innovation.&#8221; font_container=&#8221;tag:p|font_size:18|text_align:left|color:%23474747&#8243; use_theme_fonts=&#8221;yes&#8221;][\/vc_column_inner][vc_column_inner width=&#8221;1\/2&#8243;][vc_single_image image=&#8221;2118&#8243; img_size=&#8221;full&#8221; style=&#8221;vc_box_circle_2&#8243; onclick=&#8221;custom_link&#8221; css=&#8221;.vc_custom_1759445711185{border-radius: 20px !important;}&#8221;][\/vc_column_inner][\/vc_row_inner][vc_row_inner equal_height=&#8221;yes&#8221;][vc_column_inner width=&#8221;1\/2&#8243;][vc_single_image image=&#8221;2117&#8243; img_size=&#8221;full&#8221; style=&#8221;vc_box_circle_2&#8243; onclick=&#8221;custom_link&#8221; css=&#8221;.vc_custom_1759445905634{border-radius: 20px !important;}&#8221;][\/vc_column_inner][vc_column_inner width=&#8221;1\/2&#8243;][vc_empty_space height=&#8221;10px&#8221;][vc_custom_heading text=&#8221;Code of Ethics&#8221; font_container=&#8221;tag:h2|text_align:left|color:%23474747&#8243; use_theme_fonts=&#8221;yes&#8221;][vc_empty_space height=&#8221;10px&#8221;][vc_custom_heading text=&#8221;JAC GLOBAL\u2019s Code of Ethics ensures that every action taken by our employees, partners, and a\ufb03liates re\ufb02ects the company\u2019s core commitments:<\/p>\n<p>Zero tolerance for unethical sourcing: All suppliers must provide full origin documentation and follow responsible mining protocols.<\/p>\n<p>Client con\ufb01dentiality and data protection: We adhere to both Korean and international data privacy standards (e.g., PIPA, GDPR).<\/p>\n<p>Anti-corruption: We maintain strict internal controls to prevent bribery or corruption in international operations.<\/p>\n<p>Whistleblower protection: We encourage transparency and protect individuals who report misconduct.<\/p>\n<p>Fair dealing: All clients \u2014 regardless of size \u2014 receive equal access to pricing, service, and information.<br \/>\nOur code is not just policy \u2014 it is a promise.&#8221; font_container=&#8221;tag:div|font_size:18|text_align:left|color:%23474747&#8243; use_theme_fonts=&#8221;yes&#8221;][\/vc_column_inner][\/vc_row_inner][vc_row_inner disable_element=&#8221;yes&#8221;][vc_column_inner][vc_raw_html]JTVCd3J0X3ByaW50X3J0X3dwX3Jlc3BvbnNpdmVfdGFicyUyMHRhYnNldF9pZCUzRCUyMjElMjIlNUQ=[\/vc_raw_html][\/vc_column_inner][\/vc_row_inner][\/vc_column][\/vc_row][vc_row full_width=&#8221;stretch_row&#8221; content_placement=&#8221;top&#8221; disable_element=&#8221;yes&#8221; nt_agricom_container_display=&#8221;show&#8221; css=&#8221;.vc_custom_1757905927879{padding-top: 10px !important;background-color: #ffffff !important;}&#8221; el_id=&#8221;is&#8221; overlaybg=&#8221;rgba(0,0,0,0.01)&#8221; overlaybg2=&#8221;rgba(0,0,0,0.01)&#8221;][vc_column width=&#8221;1\/2&#8243; css=&#8221;.vc_custom_1649276764009{padding-top: 130px !important;padding-right: 50px !important;padding-bottom: 130px !important;padding-left: 50px !important;background-position: center !important;background-repeat: no-repeat !important;background-size: cover !important;}&#8221;][vc_custom_heading text=&#8221;\u2022 Ekskavat\u00f6r<br \/>\n\u2022 Buldozer<br \/>\n\u2022 Vin\u00e7<br \/>\n\u2022 Y\u00fckleyici&#8221; font_container=&#8221;tag:div|font_size:18|text_align:left|color:%23000000&#8243; use_theme_fonts=&#8221;yes&#8221;][vc_icon type=&#8221;openiconic&#8221; icon_openiconic=&#8221;vc-oi vc-oi-quote-right&#8221; color=&#8221;chino&#8221; size=&#8221;lg&#8221;][vc_btn title=&#8221;TAHILLAR&#8221; style=&#8221;outline&#8221; shape=&#8221;square&#8221; color=&#8221;inverse&#8221; size=&#8221;sm&#8221; link=&#8221;url:%23tah|||&#8221;][vc_btn title=&#8221;KURUTULMU\u015e \u00dcR\u00dcNLER&#8221; style=&#8221;outline&#8221; shape=&#8221;square&#8221; color=&#8221;inverse&#8221; size=&#8221;sm&#8221; link=&#8221;url:%23kur|||&#8221;][vc_btn title=&#8221;YA\u011eLI TOHUMLAR&#8221; style=&#8221;outline&#8221; shape=&#8221;square&#8221; color=&#8221;inverse&#8221; size=&#8221;sm&#8221; link=&#8221;url:%23yag|||&#8221;][vc_btn title=&#8221;KAKAO T\u0130CARET\u0130&#8221; style=&#8221;outline&#8221; shape=&#8221;square&#8221; color=&#8221;inverse&#8221; size=&#8221;sm&#8221; link=&#8221;url:%23kak|||&#8221;][vc_btn title=&#8221;\u0130\u015e MAK\u0130NELER\u0130 TEDAR\u0130\u011e\u0130&#8221; style=&#8221;outline&#8221; shape=&#8221;square&#8221; color=&#8221;inverse&#8221; size=&#8221;sm&#8221; link=&#8221;url:%23is|||&#8221; css=&#8221;.vc_custom_1729024110006{background-color: #b5b5b5 !important;}&#8221;][\/vc_column][vc_column width=&#8221;1\/2&#8243; css=&#8221;.vc_custom_1649276758116{padding-top: 130px !important;padding-right: 50px !important;padding-bottom: 130px !important;padding-left: 50px !important;background-position: center !important;background-repeat: no-repeat !important;background-size: cover !important;}&#8221;][vc_empty_space height=&#8221;50px&#8221;][vc_custom_heading text=&#8221;A\u011f\u0131r i\u015f makineleri ticaretinde lider bir \u015firket olarak, y\u00fcksek kaliteli makineleri global pazara sunmay\u0131 hedefliyoruz. Y\u0131llara dayanan deneyimimiz ve geni\u015f tedarik\u00e7i a\u011f\u0131yla, in\u015faat, madencilik ve sanayi sekt\u00f6rlerinde g\u00fcvenilir bir ortak olmay\u0131 taahh\u00fct ediyoruz. M\u00fc\u015fterilerimize sadece ekipman tedarik etmekle kalm\u0131yor, ayn\u0131 zamanda finansman \u00e7\u00f6z\u00fcmleri ile de destek sunuyoruz.&#8221; font_container=&#8221;tag:div|font_size:18|text_align:left|color:%23000000&#8243; use_theme_fonts=&#8221;yes&#8221;][vc_empty_space height=&#8221;20px&#8221;][vc_custom_heading text=&#8221;Hizmetlerimiz&#8221; font_container=&#8221;tag:h3|font_size:20|text_align:left|color:%23686868&#8243; use_theme_fonts=&#8221;yes&#8221;][vc_custom_heading text=&#8221;A\u011f\u0131r Ekipman Ticareti: Ekskavat\u00f6r, buldozer, vin\u00e7 ve y\u00fckleyici gibi \u00e7e\u015fitli a\u011f\u0131r makinelerin al\u0131m-sat\u0131m\u0131n\u0131 ger\u00e7ekle\u015ftiriyoruz. Rekabet\u00e7i fiyatlarla en taze ve kaliteli \u00fcr\u00fcnleri sunuyoruz.<\/p>\n<p>Finansman \u00c7\u00f6z\u00fcmleri: A\u011f\u0131r ekipman al\u0131mlar\u0131n\u0131z i\u00e7in esnek finansman se\u00e7enekleri sunarak, yat\u0131r\u0131mlar\u0131n\u0131z\u0131 kolayla\u015ft\u0131r\u0131yoruz. \u0130htiya\u00e7lar\u0131n\u0131za uygun finansman planlar\u0131yla, b\u00fct\u00e7enizi rahatlat\u0131yoruz.<\/p>\n<p>Piyasa Analizi: Sekt\u00f6rdeki geli\u015fmeleri ve piyasa ko\u015fullar\u0131n\u0131 yak\u0131ndan takip ederek, m\u00fc\u015fterilerimize g\u00fcncel bilgiler ve piyasa trendleri sa\u011fl\u0131yoruz. Bilin\u00e7li kararlar alman\u0131za yard\u0131mc\u0131 oluyoruz.<\/p>\n<p>Lojistik Destek: Ekipmanlar\u0131n\u0131z\u0131n g\u00fcvenli ve zaman\u0131nda teslimat\u0131n\u0131 sa\u011flamak i\u00e7in kapsaml\u0131 lojistik \u00e7\u00f6z\u00fcmler sunuyoruz. Ta\u015f\u0131mac\u0131l\u0131k ve g\u00fcmr\u00fck i\u015flemlerini y\u00f6neterek s\u00fcreci sorunsuz hale getiriyoruz.<\/p>\n<p>Dan\u0131\u015fmanl\u0131k Hizmetleri: A\u011f\u0131r ekipman yat\u0131r\u0131m\u0131 yapmay\u0131 d\u00fc\u015f\u00fcnen i\u015fletmelere<br \/>\nstratejik dan\u0131\u015fmanl\u0131k sunarak, en uygun makineleri se\u00e7menize yard\u0131mc\u0131 oluyoruz.&#8221; font_container=&#8221;tag:div|font_size:18|text_align:left|color:%23000000&#8243; use_theme_fonts=&#8221;yes&#8221;][vc_empty_space height=&#8221;20px&#8221;][vc_custom_heading text=&#8221;Neden Biz?&#8221; font_container=&#8221;tag:h3|font_size:20|text_align:left|color:%23686868&#8243; use_theme_fonts=&#8221;yes&#8221;][vc_custom_heading text=&#8221;Kalite G\u00fcvencesi: Sadece g\u00fcvenilir \u00fcreticilerden y\u00fcksek kaliteli ekipmanlar tedarik etmeye kararl\u0131y\u0131z, b\u00f6ylece sundu\u011fumuz her makinede g\u00fcvenilirlik ve performans sa\u011fl\u0131yoruz.<\/p>\n<p>Finansman Deste\u011fi: Esnek finansman \u00e7\u00f6z\u00fcmlerimizle, a\u011f\u0131r ekipman yat\u0131r\u0131mlar\u0131n\u0131z\u0131 kolayla\u015ft\u0131rarak, b\u00fct\u00e7enizi koruman\u0131za yard\u0131mc\u0131 oluyoruz.<\/p>\n<p>Uzmanl\u0131k: Ekibimiz, a\u011f\u0131r ekipman pazar\u0131nda derin bilgiye sahip deneyimli<br \/>\nprofesyonellerden olu\u015fmaktad\u0131r ve size rehberlik ve destek sunmaya haz\u0131rd\u0131r.<\/p>\n<p>M\u00fc\u015fteri Odakl\u0131l\u0131k: M\u00fc\u015fterilerimizin ihtiya\u00e7lar\u0131n\u0131 \u00f6ncelikli olarak de\u011ferlendiriyor ve her a\u015famada memnuniyetlerini sa\u011flamak i\u00e7in \u00e7al\u0131\u015f\u0131yoruz.&#8221; font_container=&#8221;tag:div|font_size:18|text_align:left|color:%23000000&#8243; use_theme_fonts=&#8221;yes&#8221;][\/vc_column][\/vc_row]<\/p>\n","protected":false},"excerpt":{"rendered":"<p>[vc_row full_width=&#8221;stretch_row&#8221; css=&#8221;.vc_custom_1759378697916{background-color: #000000 !important;}&#8221;][vc_column css=&#8221;.vc_custom_1728952607472{margin-top: 0px !important;margin-bottom: 0px !important;padding-top: 0px !important;padding-bottom: 0px !important;}&#8221;][vc_empty_space height=&#8221;50&#8243;][vc_custom_heading text=&#8221;Beyond transactions, we deliver trust.&#8221; font_container=&#8221;tag:h2|text_align:center|color:%23ffffff&#8221; google_fonts=&#8221;font_family:Trykker%3Aregular|font_style:400%20regular%3A400%3Anormal&#8221;][vc_empty_space height=&#8221;50&#8243;][\/vc_column][\/vc_row][vc_row full_width=&#8221;stretch_row&#8221; parallax=&#8221;content-moving-fade&#8221; parallax_image=&#8221;1324&#8243; css=&#8221;.vc_custom_1759449220088{padding-top: 150px !important;padding-bottom: 150px !important;}&#8221; nt_agricom_parallax_overlay=&#8221;rgba(74,139,113,0.5)&#8221; el_id=&#8221;services&#8221; overlaybg=&#8221;rgba(255,255,255,0.97)&#8221; overlaywidth=&#8221;100%&#8221; overlayheight=&#8221;100%&#8221; overlaytop=&#8221;0&#8243; overlayleft=&#8221;0&#8243; nt_agricom_vc_row_992_responsive=&#8221;.vc_custom_1759449220090{padding-top: 80px !important;padding-bottom: 80px !important;}&#8221; nt_agricom_vc_row_768_responsive=&#8221;.vc_custom_1759449220091{padding-top: 80px !important;padding-bottom: 80px !important;}&#8221; nt_agricom_vc_row_480_responsive=&#8221;.vc_custom_1759449220091{padding-top: 60px !important;padding-bottom: 60px !important;}&#8221;][vc_column css=&#8221;.vc_custom_1489856342866{margin-top: 0px [&hellip;]<\/p>\n","protected":false},"author":1,"featured_media":0,"parent":0,"menu_order":0,"comment_status":"closed","ping_status":"closed","template":"custom-page.php","meta":[],"_links":{"self":[{"href":"https:\/\/jacglobal.co.kr\/index.php?rest_route=\/wp\/v2\/pages\/2286"}],"collection":[{"href":"https:\/\/jacglobal.co.kr\/index.php?rest_route=\/wp\/v2\/pages"}],"about":[{"href":"https:\/\/jacglobal.co.kr\/index.php?rest_route=\/wp\/v2\/types\/page"}],"author":[{"embeddable":true,"href":"https:\/\/jacglobal.co.kr\/index.php?rest_route=\/wp\/v2\/users\/1"}],"replies":[{"embeddable":true,"href":"https:\/\/jacglobal.co.kr\/index.php?rest_route=%2Fwp%2Fv2%2Fcomments&post=2286"}],"version-history":[{"count":25,"href":"https:\/\/jacglobal.co.kr\/index.php?rest_route=\/wp\/v2\/pages\/2286\/revisions"}],"predecessor-version":[{"id":2576,"href":"https:\/\/jacglobal.co.kr\/index.php?rest_route=\/wp\/v2\/pages\/2286\/revisions\/2576"}],"wp:attachment":[{"href":"https:\/\/jacglobal.co.kr\/index.php?rest_route=%2Fwp%2Fv2%2Fmedia&parent=2286"}],"curies":[{"name":"wp","href":"https:\/\/api.w.org\/{rel}","templated":true}]}}